*2 - 6*p + 4. Let d be y(6). Let c be (0 - -2)*x/d. Give g(c).
-4
Let o(k) = 3*k**2 - 9*k + 9. Let a(f) = 4*f**2 - 9*f + 8. Let l(x) = x - 1. Let s(j) = -a(j) + l(j). Let z(b) = -5*o(b) - 4*s(b). Give z(-7).
5
Let d(z) = z**2 - 7*z + 3. Let t be d(7). Suppose 0 = 5*o - 6 - 4. Suppose 2*b + o*r = 6*b + 20, -t*r = 4*b. Let h(q) = q**2 + 2*q + 1. Give h(b).
4
Let s(m) = m**2 + 3*m - 31. Let f be s(4). Let v(a) = 3*a**2 + 2*a - 4. Determine v(f).
17
Let y(d) = -14 - 6*d - 16 - 14 + 40. Calculate y(2).
-16
Suppose -2*q - 2*a = -38, 3*q + 2*a - 62 = -0*q. Suppose -6 + q = -3*o. Let k(b) = 118 - 37 - 41 - 33 + 2*b. Give k(o).
-5
Let a(f) be the second derivative of -f**4/4 + f**3/2 - f**2 - 16*f. Let x(o) = -o**2 + o - 1. Let s(p) = -6*a(p) + 17*x(p). Determine s(4).
7
Let d(h) = -20*h - 19. Let q(r) be the first derivative of 7*r**2/2 + 6*r + 22. Let i(u) = -3*d(u) - 8*q(u). What is i(-6)?
-15
Let f(w) = -w + 12 + 7*w**2 + 5*w**3 - 15 + 5 - 6*w**3. Determine f(7).
-5
Let c(i) be the second derivative of -i**4/12 + 8*i**3/3 - 33*i**2/2 + 17*i. Let v be c(14). Let r(u) = u**2 + 4*u - 6. Determine r(v).
-1
Let u(r) = -r**2 - 5*r + 5. Let v be 2/(((-24)/9)/(-4)) + -8. Give u(v).
5
Let i(h) be the third derivative of h**4/6 - h**3/6 - h**2. Let w be (78/4)/((-3)/(-8)). Let g = w - 51. What is i(g)?
3
Let k(z) = -z**3 - 10*z**2 + 8*z - 13. Let u = 470 + -481. Determine k(u).
20
Let s(v) = v + 16. Let b be -4 - ((-407)/111 - 2/6). Calculate s(b).
16
Let x(m) = m**2 - 6*m + 6. Let q(h) = -h**2 + 7*h - 6. Let w(u) = 3*q(u) + 4*x(u). Determine w(4).
10
Let f(c) = -c**3 + 8*c**2 - 8*c - 6. Let b(m) = -m**2 - 4*m + 6. Let k(p) = 3*p + 20. Let j be k(-8). Let o be b(j). Give f(o).
18
Let b(n) be the third derivative of -n**6/40 - n**5/30 + n**3/2 + 12*n**2. Let t(g) = g**3 - 1. Let l(p) = -b(p) - 2*t(p). Give l(-2).
-1
Let w(f) = 2*f**2 + 8*f. Let t(c) = -c**2 - 4*c. Let v(b) = -5*t(b) - 3*w(b). Let n = -2484 + 2481. Give v(n).
3
Suppose 0*a + 5*c - 8 = -a, 4*c + 11 = 5*a. Let i(z) = -a*z + 3*z - 5 + 4 + 11*z**2. Let b = 30 + -31. Give i(b).
10
Suppose 0 = 3*t + 15 - 9. Let n be (-42)/30*(5 + t - 8). Let b(o) = -o**2 + 7*o + 3. Give b(n).
3
Let l(y) = 35*y + 6 + 5*y**2 - 2*y**2 - y**3 - 29*y + 2*y**3. Give l(-4).
-34
Let h(c) = -3 - 2*c + 2 - 3. Let z(r) = r - 4. Let y be z(9). Give h(y).
-14
Let a(u) = -u**2 + 3*u**2 + u - u**2. Let s be a(-1). Let t(w) = w**2 - w - 2. What is t(s)?
-2
Let k(q) = 3*q**3 - 2*q**2 + 1. Let x = -1416 - -1417. What is k(x)?
2
Let k(f) = f**2 - 4. Let n(b) = 1. Let o(s) = -4*k(s) - 14*n(s). Let q(p) = -5*p**3 - 12*p**2 - 4*p - 2. Let m be q(-2). Determine o(m).
-14
Let a(k) = -12*k**3 + 7*k**2 + 12*k + 18. Let r(m) = 5*m**3 - 4*m**2 - 6*m - 9. Let s(v) = 2*a(v) + 5*r(v). Calculate s(7).
-2
Let a(d) = -d**2 + 4*d - 5. Let v = -522 - -524. Give a(v).
-1
Let r(d) be the third derivative of -d**6/180 - d**5/60 - d**3/2 + d**2. Let z(p) be the first derivative of r(p). Give z(-3).
-12
Let o(u) = -u**3 + 38*u**2 + 38*u + 33. Let a be o(39). Let y(l) = -6*l - 33. What is y(a)?
3
Let x(s) = -4*s**3 - 8*s**2 + 10*s + 2. Let y(z) = 3*z**3 + 7*z**2 - 9*z - 2. Let c(a) = 6*x(a) + 7*y(a). Calculate c(-2).
32
Let b(d) = -d - 5. Let k be b(-7). Let p(w) = 10 - 3*w**2 + 3*w + 2*w**k + 2*w**2 - 9. Determine p(-3).
1
Let k(h) be the third derivative of h**5/60 + h**4/12 - 5*h**2 - h. Calculate k(-2).
0
Let j = 59 - 59. Let r = -7 - j. Let l(v) = v**3 + 7*v**2 - v - 5. Give l(r).
2
Let p be (-192)/24*(-2)/4. Let s(k) = -4*k - 15. Let u(r) = -3*r - 16. Let a(l) = 5*s(l) - 6*u(l). Let v(w) = w - 10. Let q(x) = p*a(x) + 9*v(x). What is q(5)?
-1
Suppose 4*u = u + 12. Let k(n) = 6*n**2 + 2*n. Let v(a) = 7*a**2 + 2*a + 1. Let r(z) = u*v(z) - 5*k(z). Suppose 0 = -3*y - 2*y - 15. What is r(y)?
-8
Let s = -23 - -25. Let h(d) = 4 - 55*d**s + d**3 + d - 1 - 4*d + 52*d**2. Give h(2).
-7
Let j(h) be the second derivative of h**3/3 + h. Let d(o) = 5*o + 9 + 0 - 12 + 7. Let r be d(-2). What is j(r)?
-12
Let a(f) = 2*f**2 - 5*f - 8. Let v = -2167 - -2171. Calculate a(v).
4
Let y(i) = 2 - i**2 + 4 - 2*i + 5 - 9. Let f(b) = b**2 - 4*b - 6. Let q be f(6). Suppose 4*h = q*h + 6. What is y(h)?
-1
Suppose 36*n - 27*n + 45 = 0. Let g(x) = 2*x**2 + 3*x - 3. Give g(n).
32
Let v(f) = -f - 12. Let g(p) be the third derivative of p**4/4 + 10*p**3 - p**2. Let h(b) = 2*g(b) + 11*v(b). Let y(l) = -4*l. Let k be y(0). Calculate h(k).
-12
Let v = -23 + 33. Let i = 49 - 34. Suppose 5*b = -3*k - v, -k + i = 5*b - 3*k. Let z(h) = -7*h**2 + h - 1. Calculate z(b).
-7
Let j(k) = -k**2 - 8*k - 5. Let f(y) = 2*y**2 + 15*y + 9. Let d be -1 + ((-72)/27 - (-2)/(-6)). Let z(o) = d*f(o) - 7*j(o). Suppose -2*l = l + 15. What is z(l)?
-6
Let w(k) = 11*k + 13. Let t(m) = -5*m - 6. Let j(r) = -9*t(r) - 4*w(r). Let b(s) = s**2 + 18*s. Let o be b(-18). Let i(p) = -p**2 + 6. Let u be i(o). Give j(u).
8
Let f(w) = 6*w**2 + 34*w + 2. Let n(y) = 2*y**2 + 11*y + 1. Let p(o) = -5*f(o) + 16*n(o). Give p(-4).
14
Let l(y) = y**2 + 9*y + 4. Let q(i) = -i**2 - 10*i - 5. Let p(d) = 3*l(d) + 2*q(d). Suppose -o + 26*c - 23*c = 2, -3*o - 5*c = 20. Calculate p(o).
-8
Let z(y) = -22 - 19 + y**3 - y + 87 - 21 - 7*y**2 - 24. What is z(6)?
-41
Let o(n) = n + 23. Let y be o(-15). Let v(m) = -2*m + 10*m**3 + 0*m**2 - 17*m**3 + y*m**3 + 2 + 3*m**2. Give v(-4).
-6
Let y(m) = -2*m**2 - 4*m + 11. Let l(x) = -x**2 + 3*x + 1. Let g(n) = 3*l(n) - y(n). Calculate g(12).
4
Let l(v) = 2. Let h(r) = r**2 + 7*r - 1. Let z(j) = h(j) - 2*l(j). What is z(-9)?
13
Let v(a) = a - 14. Let o(c) = 2*c - 11. Let u be o(4). Let n(k) = -2*k + 28. Let y(w) = u*n(w) - 5*v(w). Give y(11).
-3
Let d(k) = -2*k + 7. Let z(x) = x - 1. Let l(q) = d(q) + 3*z(q). Suppose 16 - 56 = 8*u. Calculate l(u).
-1
Let m(r) = 2*r**2 - 7*r**2 - 5*r - 29 + 27 + 4*r**2. Calculate m(-4).
2
Let w(r) = -4*r + 2*r + 3 - 2 + 7*r. Let k(l) = -5*l + 8. Let x be k(6). Let h = x - -23. Calculate w(h).
6
Let n(k) = -k**3 + 11*k**2 + 11*k + 3. Let d(c) = -c**2 - c - 1. Let g(p) = -6*d(p) - n(p). Calculate g(6).
9
Let i(k) = 6*k - 3. Let y(w) = 7*w. Let u(n) = 5*i(n) - 4*y(n). Determine u(7).
-1
Let h(w) = -5*w**2 - 2*w + 4*w**2 + 3*w + 8. Suppose -4949*q = -4939*q. Give h(q).
8
Let b(w) = -5*w**2 - 4*w - 7. Let d(p) = 13*p**2 + 11*p + 19. Let q(l) = -8*b(l) - 3*d(l). Calculate q(0).
-1
Let o(y) = -330*y + 264. Let p(i) = -22*i + 18. Let m(d) = -3*o(d) + 44*p(d). Determine m(3).
66
Let t(o) be the third derivative of 5/6*o**3 + 32*o**2 + 0 + 0*o - 1/24*o**4. Give t(7).
-2
Suppose 3*a - 5*j = -10, 0 = -95*a + 99*a - 5*j + 5. Let v(u) be the second derivative of 9*u + 1/2*u**4 - 7/6*u**3 + 1/20*u**a - 9/2*u**2 + 0. Give v(-7).
-9
Let q(b) = -13*b. Let m(a) = 32*a. Let t(d) = -2*m(d) - 5*q(d). Give t(-9).
-9
Suppose 3*n = -n - 4, -c + 1 = 2*n. Suppose -c*o - 15 = -8*o. Let j(f) = -2*f**3 - f**2 + 4*f**2 - 2*f**2 + f**o. Determine j(1).
0
Suppose -b - 339 = 3*p, 0*p + p + 123 = 3*b. Let a = p + 123. Let w(h) = -h**2 + 8*h + 12. Calculate w(a).
3
Let f be 112/21 - 5 - (-38)/(-6). Let b(o) = -1. Let y(v) = 2*v + 3. Let j(p) = -3*b(p) - y(p). What is j(f)?
12
Let n(r) be the second derivative of -r**5/20 - r**4/6 - r**3/6 - 15*r**2/2 + 507*r. Give n(-3).
-3
Let k(b) = -b**2 + 4*b - 1. Let o be 8/6 - (-38)/(-6). Let w(p) = -3*p**2 + 7*p - 2. Let d(h) = o*k(h) + 2*w(h). Suppose -6*i = -0*i + 30. What is d(i)?
6
Let l be 20/30 - (-1)/3. Let f(c) = 74*c - 35*c - 37*c + l. Determine f(3).
7
Suppose 2*z = w + 4*w + 36, -4*w + 4*z - 24 = 0. Let x(p) = p**2 + 12*p - 10. Calculate x(w).
-42
Let w(f) = 2*f**2 - 10*f + 10. Let v be w(3). Let o be (v - -3)*-1*(2 - -1). Let s(b) = b**3 + 3*b**2 - 4. Determine s(o).
-4
Suppose -2*z + 18 = 4*f, 5 = -5*z - 10. Let y(r) = 0*r**3 - 3*r**2 + 5*r + 8*r**2 - r**3 - 1. Give y(f).
-7
Let i(n) = -17*n**2 - n - 4. Let u(d) = -17*d**2 - 2*d - 5. Let h(v) = 3*i(v) - 2*u(v). Determine h(1).
-18
Let u(i) = 7*i - 9. Let v(b) = -19*b + 28. Let k(p) = -8*u(p) - 3*v(p). Calculate k(15).
3
Let r(y) = y + 14. Let x(l) = -l - 13. Let m(z) = -5*r(z) - 6*x(z). Suppose 4*t - 6*t = -116. Let j = t + -64. Determine m(j).
2
Suppose 13*p = 11*p + 18. Let i(t) = -p*t**2 - t - 7*t**2 + 18*t**2. Calculate i(-2).
10
Let l(s) = 7*s**2 - 3*s - 2. Let z(k) = k**2 - k. Let i(p) = -l(p)